vided by 23?
21
Let o(q) = 1 + 39*q - 34*q - q**2 - 26*q. What is the remainder when o(-10) is divided by 28?
27
Let g(r) = -r**2 + 10*r + 0 - 19*r - 10. Suppose -55 = -3*o - n, 2*o - 5*n = 4*o - 54. What is the remainder when o is divided by g(-4)?
7
Let g = -1542 - -2091. Calculate the remainder when g is divided by 6.
3
Suppose -38 + 28 = -2*l. Let p = -5 + 8. Calculate the remainder when l is divided by p.
2
Let d(m) be the third derivative of -17*m**4/24 - 7*m**3/6 + 14*m**2. Calculate the remainder when d(-2) is divided by 5.
2
Suppose 8*x - 5*x + 12*x = 0. Let s(l) = -2*l + 76. What is the remainder when s(x) is divided by 20?
16
Suppose 0 = 2*v + 3*k - 125, 5*k + 296 = 2*v + 179. What is the remainder when v is divided by 36?
25
Let s(b) = 23*b - 3. Let n(i) = 24*i - 1. Let o(h) = -6*n(h) + 5*s(h). What is the remainder when 193 is divided by o(-2)?
46
Suppose -39 = -y - 0*y. Suppose 13 = a + m, -3*a + 3*m + 1 = -a. Calculate the remainder when y is divided by (a - 2)/(6/21).
18
Let s(o) = o**3 + 6*o**2 + 8*o + 2. Let z be s(-4). Let q(l) = l**3 + l**2 - 4*l. What is the remainder when 30 is divided by q(z)?
2
Let p(m) = 5*m + 6. Calculate the remainder when p(6) is divided by 20.
16
Let q(s) = -14*s. Suppose -3*n = 4*m + 7, m = -4*n + 5*m. What is the remainder when q(n) is divided by -1 - (2 - 3) - -3?
2
Suppose 5*g - 1430 = -5*r, -3*g = -3*r - 854 + 2. Calculate the remainder when g is divided by 41.
39
Suppose 4*d - 2*d - 50 = -2*v, 4*d = 3*v - 54. Suppose -r - 3 = -4*i + 53, 0 = -3*i + 5*r + 59. What is the remainder when v is divided by i?
9
Let d(x) = 5*x**2 + 5*x + 11. What is the remainder when d(-2) is divided by 12?
9
Suppose g + 3 + 60 = 0. Let w be (g/14)/((-6)/8). Suppose 4*r - 72 = -5*c, -3*r + 5*c + 13 = -w. Calculate the remainder when 48 is divided by r.
9
Let s(q) = 7*q + 4. Let w(p) = 21*p + 12. Let j(m) = 7*s(m) - 2*w(m). What is the remainder when j(1) is divided by 4?
3
Suppose -2*o + 40 = 3*n, 0*n - 4*n + 2*o = -44. Let p be ((-12)/6)/(3 + (0 - 4)). Suppose -n = -2*i - p*i. What is the remainder when i is divided by 1?
0
Let r(s) = s**3 + 8*s**2 + 4*s - 14. Let d be (8/6)/((-18)/(-189)). Suppose -3*l = -d - 13. Calculate the remainder when r(-6) is divided by l.
7
Let d(n) = n**2 - n - 1. Let i be d(-1). Suppose 0 = -5*g + i + 79. Calculate the remainder when g is divided by 9.
7
Let s(o) = -7*o + 2. Suppose -l = -2*b, -4*l + 0*b - 4*b = 36. Calculate the remainder when s(l) is divided by 12.
8
Suppose -4*t = 4*h - 84, -5*h + 102 = 2*t - 0*t. Let b = 39 - 27. What is the remainder when h is divided by b?
8
Let a(r) = 13 - 5*r - r**3 + 13*r + 12*r + 8*r**2 + 0*r**2. What is the remainder when 24 is divided by a(10)?
11
Suppose 15*k + 60 = 27*k. Suppose 5*i = -3*f + 51, f + 17 = 2*f + 3*i. Calculate the remainder when f is divided by k.
2
Let p(b) = 4*b + 10. Let q(t) = 2*t + 5. Let m(x) = 3*p(x) - 7*q(x). Let y = 0 + -12. What is the remainder when m(y) is divided by 11?
8
Let i = -219 - -244. Calculate the remainder when 64 is divided by i.
14
Let k = 26 - 24. Suppose -2*g = 2*w - g - 4, -2*w - k*g + 8 = 0. Suppose w*p = -5*p + 135. What is the remainder when p is divided by 8?
3
Let t(a) = a**3 + 7*a**2 - 11*a - 5. Suppose 0*z = -4*z - 32. What is the remainder when 73 is divided by t(z)?
16
What is the remainder when 1*(-2 - 1) + -10 + 24 is divided by (-26)/(-8) + 5/(-20)?
2
Let s(x) = x**3 - 6*x**2 + 3. Let z be s(6). Suppose -y + 2*d + 12 = z*d, 0 = 5*y + d - 64. Calculate the remainder when y is divided by 7.
6
Suppose 0 = -3*a + 2*w - 97, a + 0*w = -4*w - 23. Let i = 60 + a. Calculate the remainder when 115 is divided by i.
28
Let d(k) = 5*k**2 - 3*k - 8. Let j be d(5). Let o = j - -3. Calculate the remainder when o is divided by 36.
33
Let r = -36 - -39. Suppose -r*m = u - 20, 4*u = -m + 3*u + 10. Suppose 5*b - 111 = -26. Calculate the remainder when b is divided by m.
2
Suppose -180 = 2*g - 186. Suppose 44 = g*j + 8*j. Calculate the remainder when 14 is divided by j.
2
Suppose 3*p = 2*x + 2*p - 15, -5*x + 24 = 2*p. Suppose -3*j = 7*j - 20. What is the remainder when (j - (3 + -4)) + 11 is divided by x?
2
Suppose -2*y - 5*m + 161 = 0, 5*y - 22 - 421 = m. What is the remainder when y is divided by 13?
10
Let a be (9/2)/(-9)*432. What is the remainder when (a/48)/((-3)/20) is divided by 11?
8
Let z be (-4)/(-2) + -4 - -4. Suppose -4*n + 2*h = -20, -z*h - 15 = -3*n - 4*h. Calculate the remainder when n is divided by ((-620)/(-100) - 7)/((-1)/5).
1
Let x(y) = y**3 - 19*y**2 + 15*y + 61. Calculate the remainder when x(18) is divided by 5.
2
Let b(r) = 2*r + 10. Let n be b(0). Let w = n - 8. Suppose -5*o + 3*k + 340 = 86, -w*o + 89 = 3*k. What is the remainder when o is divided by 13?
10
Let v(g) = -g**3 - 13*g**2 - 10*g + 18. Let j be v(-12). Calculate the remainder when (j/3 + -36)/(8/(-4)) is divided by 5.
4
Suppose -3*v - 4 = -19. Suppose 0 = 4*o - 3*m - 42 + 6, -3*o + 27 = -v*m. What is the remainder when 23 is divided by o?
5
Suppose 0 = 3*m - 5 - 94. Suppose 5*g = 11 + 9. Suppose -g*y + 29 = -19. What is the remainder when m is divided by y?
9
Suppose 4*o - 449 = -h, 3*o = -4*h - 39 + 379. What is the remainder when o is divided by 29?
25
Let c = -99 + 56. Let s = -29 - c. Calculate the remainder when s is divided by 8.
6
Let v(j) = -2*j - 48. Let k be v(0). Let o = k + 59. Calculate the remainder when 30 is divided by o.
8
Suppose 8*t - 5*t = -15, -t = -2*s + 21. Suppose 7*d = s + 27. Calculate the remainder when 25 is divided by d.
0
Suppose 0 = 3*j + 25*t - 20*t - 43, 2*j = 5*t + 62. Calculate the remainder when 311 is divided by j.
17
Let r(w) = -2*w**2 - 8*w - 5. Let x be r(-2). Let i = 9 - x. Calculate the remainder when 16 is divided by i.
4
Let s be (144/(-56))/(3/(-56)). Calculate the remainder when ((-16)/s)/((-2)/90) is divided by 6.
3
Let s(u) = 11*u**2 - 2*u + 2. Let h = 55 + -93. Calculate the remainder when s(3) is divided by -2 - ((-12)/(-3) + h).
31
Suppose -234*o + 260 = -232*o. What is the remainder when o is divided by 7?
4
Suppose -7*j = -265 + 20. Let l = 0 + 0. Suppose 2*x + 2 + l = -5*a, -3*a - 21 = -x. Calculate the remainder when j is divided by x.
8
Let m = 13 - -70. Calculate the remainder when 157 is divided by m.
74
Let o(p) = -p**2 - 35*p - 258. Calculate the remainder when 99 is divided by o(-11).
3
Suppose 0 = -2*v + 4*v - 3*w + 148, -4*w = 2*v + 176. Let s = -55 - v. What is the remainder when s is divided by 14?
11
Suppose -5*n = -q, -4 = -q + 4*n - 9. Calculate the remainder when 79 is divided by -4 + 0 + 0 - q.
16
What is the remainder when 177 is divided by -2 + (-171)/(-5) - (-60)/(-50)?
22
Suppose 5*g = 3*n - 18 + 3, -4*n = -5*g - 20. Suppose -29*a + 66 = -26*a. What is the remainder when a is divided by n?
2
Suppose 0 = 4*i + 7*i - 12001. What is the remainder when i is divided by 52?
51
What is the remainder when 541 is divided by ((-110)/385)/(2/(-112))?
13
Suppose 2*v + 2 = 3*v. Suppose -v*z + 7*z - 135 = 0. Calculate the remainder when z is divided by 18 + ((-10)/(-15))/(2/(-9)).
12
Let l = -189 + 331. Calculate the remainder when l is divided by 36.
34
Let y be 4/(-10) + (-342)/(-30). Suppose 0 = -2*v + 2*d + 24, -v + 2*d = -0*v - 17. Let w = y - v. Calculate the remainder when 5 is divided by w.
1
Suppose -5*g - 33 = 5*z + 2, -5*z - 31 = 4*g. Let s be z/12 - 116/(-16). Suppose -76 = -s*j + 3*j. Calculate the remainder when j is divided by 11.
8
Let w = -4 - -7. Suppose -w*h = 1 + 17. Calculate the remainder when 664/40 + h/10 is divided by 7.
2
Let z(b) be the second derivative of 3*b**5/5 + b**4/4 + 5*b**3/6 - 5*b**2/2 + 37*b. Calculate the remainder when z(2) is divided by 38.
37
Suppose 281 = 4*i - 3*r, -2*i - 3*i + 3*r = -355. What is the remainder when i is divided by 19?
17
Let l(b) = b**2 + 3*b - 18. Let z be (2/(-4) + -2)*(-48)/20. Suppose 2*i - r = 22, 4*i + 0*i - 48 = r. Calculate the remainder when l(z) is divided by i.
10
Let t(d) = -13*d + 37. Let v(z) = -14*z + 36. Let f(o) = -3*t(o) + 2*v(o). Calculate the remainder when f(6) is divided by 8.
3
Suppose -8*h + 5*h + 1302 = 0. Suppose -3*j + 5*t = -h, -5*j - t + 4*t = -702. What is the remainder when j is divided by 35?
33
Suppose -3390 + 8280 = 15*o. Calculate the remainder when o is divi